{"id":303,"date":"2022-10-13T01:40:14","date_gmt":"2022-10-13T01:40:14","guid":{"rendered":"https:\/\/dichvuxeghep24h.com\/?page_id=303"},"modified":"2022-10-17T11:51:16","modified_gmt":"2022-10-17T04:51:16","slug":"dat-xe","status":"publish","type":"page","link":"https:\/\/dulich899.com\/dat-xe-ghep\/dat-xe\/","title":{"rendered":"\u0110\u1eb7t xe"},"content":{"rendered":"<p>Th\u1ea5u hi\u1ec3u n\u1ed7i m\u1ec7t m\u1ecfi c\u1ee7a qu\u00fd kh\u00e1ch sau nh\u1eefng chuy\u1ebfn bay, v\u1edbi d\u00e0n xe m\u1edbi, \u0111\u1ee7 ch\u1ee7ng lo\u1ea1i t\u1eeb 5 ch\u1ed7, 7 ch\u1ed7, l\u00e1i xe th\u00e2n thi\u1ec7n, chuy\u00ean nghi\u1ec7p, gi\u00e1 c\u1ea3 tr\u1ecdn g\u00f3i, <strong>Xu\u00e2n Nam<\/strong> \u2013 Xe gia \u0111\u00ecnh lu\u00f4n mong mu\u1ed1n qu\u00fd kh\u00e1ch \u0111\u01b0\u1ee3c ngh\u1ec9 ng\u01a1i, tho\u1ea3i m\u00e1i nh\u1ea5t tr\u00ean cung \u0111\u01b0\u1eddng v\u1ec1 Th\u1ee7 \u0111\u00f4 H\u00e0 N\u1ed9i ho\u1eb7c b\u1ea5t k\u00ec \u0111\u00e2u.<\/p>\n<p><strong>XE \u0110I T\u1eea H\u00c0 N\u1ed8I \u0110\u1ebeN N\u1ed8I B\u00c0I<\/strong><\/p>\n<p>Xe 5 ch\u1ed7 gi\u00e1 ch\u1ec9 t\u1eeb 200k Xe 7 ch\u1ed7 gi\u00e1 ch\u1ec9 t\u1eeb 250k<\/p>\n<p><strong>XE \u0110\u00d3N T\u1eea N\u1ed8I B\u00c0I V\u1ec0 H\u00c0 N\u1ed8I<\/strong><\/p>\n<p>Xe 5 ch\u1ed7 gi\u00e1 ch\u1ec9 t\u1eeb 280k Xe 7 ch\u1ed7 gi\u00e1 ch\u1ec9 t\u1eeb 330k<\/p>\n<p><strong>XE \u0110I S\u00c2N BAY\u00a0 N\u1ed8I B\u00c0I 2 CHI\u1ec0U<\/strong><\/p>\n<p>Xe 5 ch\u1ed7 gi\u00e1 ch\u1ec9 t\u1eeb 450k Xe 7 ch\u1ed7 gi\u00e1 ch\u1ec9 t\u1eeb 480k<\/p>\n<p><strong>Ghi ch\u00fa:<\/strong>\u00a0(gi\u00e1 \u0111\u00e3 bao g\u1ed3m v\u00e9 \u0111\u1ed7 s\u00e2n bay)<\/p>","protected":false},"excerpt":{"rendered":"","protected":false},"author":1,"featured_media":0,"parent":0,"menu_order":0,"comment_status":"closed","ping_status":"closed","template":"","meta":{"footnotes":""},"class_list":["post-303","page","type-page","status-publish","hentry"],"_links":{"self":[{"href":"https:\/\/dulich899.com\/dat-xe-ghep\/wp-json\/wp\/v2\/pages\/303","targetHints":{"allow":["GET"]}}],"collection":[{"href":"https:\/\/dulich899.com\/dat-xe-ghep\/wp-json\/wp\/v2\/pages"}],"about":[{"href":"https:\/\/dulich899.com\/dat-xe-ghep\/wp-json\/wp\/v2\/types\/page"}],"author":[{"embeddable":true,"href":"https:\/\/dulich899.com\/dat-xe-ghep\/wp-json\/wp\/v2\/users\/1"}],"replies":[{"embeddable":true,"href":"https:\/\/dulich899.com\/dat-xe-ghep\/wp-json\/wp\/v2\/comments?post=303"}],"version-history":[{"count":2,"href":"https:\/\/dulich899.com\/dat-xe-ghep\/wp-json\/wp\/v2\/pages\/303\/revisions"}],"predecessor-version":[{"id":489,"href":"https:\/\/dulich899.com\/dat-xe-ghep\/wp-json\/wp\/v2\/pages\/303\/revisions\/489"}],"wp:attachment":[{"href":"https:\/\/dulich899.com\/dat-xe-ghep\/wp-json\/wp\/v2\/media?parent=303"}],"curies":[{"name":"wp","href":"https:\/\/api.w.org\/{rel}","templated":true}]}}