{"id":37,"date":"2022-08-13T08:44:03","date_gmt":"2022-08-13T08:44:03","guid":{"rendered":"https:\/\/beeduvn.online\/?page_id=37"},"modified":"2022-10-17T13:56:18","modified_gmt":"2022-10-17T06:56:18","slug":"lien-he","status":"publish","type":"page","link":"https:\/\/dulich899.com\/dat-xe-ghep\/lien-he\/","title":{"rendered":"Li\u00ean h\u1ec7"},"content":{"rendered":"<p>C\u00d4NG TY V\u1eacN T\u1ea2I XU\u00c2N NAM<\/p><p>\u0110\u1ecba Ch\u1ec9 : \u0110. Nguy\u1ec5n V\u0103n C\u1eeb, Ng\u1ecdc L\u00e2m, Long Bi\u00ean, H\u00e0 N\u1ed9i<br>Hotline: 0847.679.999<br>\u00a0Email: xeghepxuannam@gmail.com<\/p>","protected":false},"excerpt":{"rendered":"<p>C\u00d4NG TY V\u1eacN T\u1ea2I XU\u00c2N NAM \u0110\u1ecba Ch\u1ec9 : \u0110. Nguy\u1ec5n V\u0103n C\u1eeb, Ng\u1ecdc L\u00e2m, Long Bi\u00ean, H\u00e0 N\u1ed9iHotline: 0847.679.999\u00a0Email: xeghepxuannam@gmail.com<\/p>\n","protected":false},"author":1,"featured_media":0,"parent":0,"menu_order":0,"comment_status":"closed","ping_status":"closed","template":"","meta":{"footnotes":""},"class_list":["post-37","page","type-page","status-publish","hentry"],"_links":{"self":[{"href":"https:\/\/dulich899.com\/dat-xe-ghep\/wp-json\/wp\/v2\/pages\/37","targetHints":{"allow":["GET"]}}],"collection":[{"href":"https:\/\/dulich899.com\/dat-xe-ghep\/wp-json\/wp\/v2\/pages"}],"about":[{"href":"https:\/\/dulich899.com\/dat-xe-ghep\/wp-json\/wp\/v2\/types\/page"}],"author":[{"embeddable":true,"href":"https:\/\/dulich899.com\/dat-xe-ghep\/wp-json\/wp\/v2\/users\/1"}],"replies":[{"embeddable":true,"href":"https:\/\/dulich899.com\/dat-xe-ghep\/wp-json\/wp\/v2\/comments?post=37"}],"version-history":[{"count":2,"href":"https:\/\/dulich899.com\/dat-xe-ghep\/wp-json\/wp\/v2\/pages\/37\/revisions"}],"predecessor-version":[{"id":491,"href":"https:\/\/dulich899.com\/dat-xe-ghep\/wp-json\/wp\/v2\/pages\/37\/revisions\/491"}],"wp:attachment":[{"href":"https:\/\/dulich899.com\/dat-xe-ghep\/wp-json\/wp\/v2\/media?parent=37"}],"curies":[{"name":"wp","href":"https:\/\/api.w.org\/{rel}","templated":true}]}}